 the remainder when m/10 - (-12)/30 is divided by (3/3*3)/1.
1
Let t = 26 - 20. Suppose 154*o + 42 = 160*o. What is the remainder when o is divided by t?
1
Let z = 236 - 227. What is the remainder when (-1062)/(-15) - 1*(-5)/25 is divided by z?
8
Let f(b) = 64*b - 1753. What is the remainder when f(53) is divided by 23?
6
Suppose 46*b - 48 = 34*b. Suppose -b = i, 68*h - 73*h + 131 = i. Calculate the remainder when 102 is divided by h.
21
Suppose 164*s - 2004 - 456 = -328*s. What is the remainder when 4 + 2 + -4 - -15 is divided by s?
2
Suppose 27 = f - 0*f + 5*q, -2*f + 3*q = -2. Let l be (-33)/77 - 228/f. Let a = l - -52. What is the remainder when 112 is divided by a?
17
Suppose 45 = 5*c - q - 204, 4*c = 5*q + 216. Suppose 0 = -7*w + 271 - 551. Let i = w + c. Calculate the remainder when 70 is divided by i.
7
Suppose 143*i - 4099 - 3022 = 1173. Calculate the remainder when 1737 is divided by i.
55
Suppose -5*o + 2167 = 4*y, 1085 = 20*y - 18*y + 3*o. Calculate the remainder when y is divided by 12.
10
Suppose 0 = -5*x + 20 + 25. Let u = -7970 - -7996. What is the remainder when u is divided by x?
8
Suppose 259*b + 3835 - 6255 = 4314. What is the remainder when 5432 is divided by b?
24
Suppose -1 = l, 4*d + d - 3*l = 2423. Calculate the remainder when d is divided by 236.
12
Let l = -148 - -217. Suppose -28*x = 2*x - 450. Calculate the remainder when l is divided by x.
9
Calculate the remainder when ((-29)/(551/19))/((-2)/114) is divided by 31.
26
Let i(k) = k**3 - 43*k**2 - 296*k + 116. Calculate the remainder when (-4)/14 + 22390/14 is divided by i(49).
15
Let o(p) = 7 + p + 13 + 11 - 12. What is the remainder when 11 + (-4 - 3/3*-2) is divided by o(-14)?
4
Let s = -8657 - -9662. Calculate the remainder when s is divided by 374.
257
Let t(i) = 17*i**2 + 39*i - 4. Suppose 5*m - 550 = -2*a, 0*m - 2*m + 2*a = -234. What is the remainder when m is divided by t(-3)?
16
Let v be 1 - -10 - (0 + 2). Let c be 225 + 3 - (-2 + 0/9). Suppose c = -4*h + v*h. Calculate the remainder when 229 is divided by h.
45
Suppose -b - 3*d = -13, -3*b - 4*d = -0*b - 44. What is the remainder when (315/(-36))/((-4)/b - 0) is divided by 0 - 3 - (-16 - -3)?
5
Let o = 1821 + -1818. What is the remainder when 2457 is divided by o?
0
Let h(s) = -3*s**3 + 130 - s**2 + 2*s**3 + 31. Let p be h(0). Suppose -5*x + 89 = 5*l - p, -4*x + 194 = -2*l. Calculate the remainder when 242 is divided by x.
46
Let d = 130 + -44. Suppose -2*v + 3*y + 71 = -0*y, 2*y = -2*v + d. What is the remainder when 118 is divided by v?
38
Suppose 5*m - 70920 = 9270. Suppose 16*b - m = -11*b. What is the remainder when b is divided by 85?
84
Calculate the remainder when 1055 + (0 - 11 - 72/(-8)) is divided by 180.
153
Let s(y) = 2*y**2 - 9*y + 17. Let l(g) = -2*g**2 - 33*g - 43. Let f be l(-15). What is the remainder when 270 is divided by s(f)?
4
Let z = -13962 + 14034. Calculate the remainder when 188 is divided by z.
44
Let x = -228 + 231. Suppose x*n = 6, 4*n - 6*n + 89 = 5*i. Calculate the remainder when 288 is divided by i.
16
Let w(o) = o**3 - 4*o**2 - 9*o + 7. Suppose -2*t - 2*t = 4*t. Suppose 5*j - 9 = -2*d, t = -3*d - j + 5*j + 25. What is the remainder when w(6) is divided by d?
4
Let x(q) = q**2 - 4*q - 107. What is the remainder when x(18) is divided by 140?
5
Suppose -41*f - 7*f - 124673 = -617873. What is the remainder when f is divided by 23?
17
Let i = -19828 + 25596. Calculate the remainder when i is divided by 17.
5
Let r = 160 + -90. Let u = 46 - r. Let y = u - -32. Calculate the remainder when 31 is divided by y.
7
Suppose 18 - 162 = -2*n. Let l(z) = z**3 - 56*z**2 + 424*z + 2. Let j be l(47). Let w = n - j. Calculate the remainder when w is divided by 16.
7
Suppose 6066 = 11*f + 1017. Let x = 528 - f. What is the remainder when 134 is divided by x?
65
Let n = -45 + 47. Let t = n + -15. What is the remainder when 42 is divided by 1 + (0 - -2 - t)?
10
Suppose 6323*v + 2520 = 6358*v. Calculate the remainder when 427 is divided by v.
67
Let x(g) = 56*g - 99. Calculate the remainder when 60 is divided by x(2).
8
Suppose -181 = -4*m - 3*y - 9, y = 0. What is the remainder when (-477)/(-6) + 4 - 18/(-12) is divided by m?
42
Suppose -59*g = -34*g - 1100. Calculate the remainder when (-690)/(-4) - 3/(-6) is divided by g.
41
Calculate the remainder when 153 is divided by (3/(42/(-4)))/(163/(-35371)).
29
Suppose 9*u + 100 = 4*o + 7*u, 0 = -6*o + 4*u + 154. Suppose -5*s + 8*s = 0, s + 174 = 2*h. What is the remainder when h is divided by o?
18
Suppose 4*i + 2 = o + 46, 2*o + 11 = i. Suppose -5*l - 2 = -4*l + 3*h, -2*l + i = h. Calculate the remainder when 66 is divided by l.
3
Suppose -4*i - 12 = 0, 3*r - 5*i = -0*r + 36. Suppose 4*j - 3*z - 1 = 0, 0 = j - 2*j - 2*z + 3. Calculate the remainder when r is divided by j.
0
Calculate the remainder when 260 is divided by (58/(-87) - (-8)/10) + 3052/60.
5
What is the remainder when 1853 is divided by 1/(5 - (63/126 - 1381/(-307)))?
11
Suppose -3*b + 5*p + 204 = 0, 0 = -2*b + b + 4*p + 68. Suppose 0 = 136*v - 359*v - 240*v + 60190. Calculate the remainder when v is divided by b.
62
Suppose 13 + 10 = u. Suppose 0 = -4*o - 4*r + 276, -2*o - 7*r + 125 = -6*r. Calculate the remainder when o is divided by u.
10
Let g(u) = u + 2. Let w be g(-4). Let v(d) = -3*d - 51. Let t be v(-10). Let m = w - t. What is the remainder when m is divided by 12?
7
Suppose -95*c = -a - 91*c + 900, 3*a - 2720 = 2*c. What is the remainder when a is divided by 453?
2
Let d = 4736 + -4374. Calculate the remainder when d is divided by 51.
5
Suppose -97*h + 28706 = -13600 - 15312. Calculate the remainder when h is divided by 13.
9
Let z(u) = -2*u - 24. Let h be z(-29). Let m(p) = 0*p**2 + h - 17*p - p**2 - 8 - 1. Calculate the remainder when 15 is divided by m(-18).
1
Let x = -10 - -15. Let w be -1 + (-54 - (x - 1)). Calculate the remainder when 94 is divided by -3 + 1/(-2)*(15 + w).
18
Calculate the remainder when (-12)/(-72) + 62/(-12) + (-3318)/(-14) is divided by 189.
43
Let h be -3 + (-4 - 8*-1). Suppose 2*l + h = -u, 4*l = l - u + 1. Suppose -7 = -g - l. What is the remainder when g is divided by 2?
1
Let o(d) = 14*d - 441. Calculate the remainder when 1005 is divided by o(67).
11
Suppose -5*y = 25, -600*y = -2*z - 599*y + 195. What is the remainder when 3419 is divided by z?
94
Let t(h) = -2*h**2 + 18*h + 733. Suppose 0 = -3*k + 4*k - 231. What is the remainder when k is divided by t(-15)?
10
Let l(o) = -29*o**3 + 6*o**2 + 8*o - 3. What is the remainder when l(-4) is divided by 15?
12
Suppose 4*u = 4*v + 20064 - 980, -4*v + 4766 = u. Calculate the remainder when u is divided by 43.
40
What is the remainder when 9194 is divided by 11 - -10*(-140)/(-40)?
40
Let v(o) = 11*o**2 + 472*o + 227. Calculate the remainder when v(-43) is divided by 16.
14
Let m = -28192 - -31468. Calculate the remainder when m is divided by 3276.
0
Let d(q) = -q**2 + 5*q + 8. Let k be d(6). Suppose k*j - 13 - 17 = 0. What is the remainder when 35/(-20) - 351/(-4) is divided by j?
11
Calculate the remainder when 749 is divided by 4*(1365/52 - -11).
4
Suppose -2*v = -2*t + 2*v + 44, -4*t = -5*v - 73. Calculate the remainder when (-81)/12*32/(-6) is divided by (-280)/(-24)*t/14.
6
Let s be (1 - -1)*(-3)/(-2). Suppose -5 = k, -s*p + 623 = k + k. Suppose 5*b = -3*z + p, 5*z + 4*b = -0*z + 369. What is the remainder when z is divided by 13?
12
Let k be 1666/21 + 8/12. What is the remainder when k + 15/3 + -6 + -2 is divided by 20?
17
Let y be (1 - -6 - 2) + -15. Let a(p) = 8*p**2 + 75*p + 5. Calculate the remainder when 383 is divided by a(y).
53
Let y = -2958 + 3519. What is the remainder when y is divided by 138?
9
Suppose 0 = 255*x - 258*x + 26724. Calculate the remainder when x is divided by 151.
150
Let w(g) = -1994*g + 5985. Let a(l) = 4*l**3 - 5*l**2 + 3*l - 2. What is the remainder when a(3) is divided by w(3)?
1
Suppose -15*o - 891 + 9102 = 36*o. Calculate the remainder when 1276 is divided by o.
149
Let r = 2287 - 2279. What is the remainder when 3381 is divided by r?
5
Let f = 118 - 50. Let g be (-2)/((-8)/(-12)) - (-14 - 779). Let s = g - 772. What is the remainder when f is divided by s?
14
Suppose -3*q + 13*q = 480. Let h be (q/(-9))/(-8)*-15. What is the remainder when (0 - h)*126/15 is 